factors of 104938449.
3, 7, 11, 73, 127
List the prime factors of 1053088682.
2, 643, 818887
List the prime factors of 3298258409.
1151, 2865559
List the prime factors of 4060064.
2, 71, 1787
What are the prime factors of 310454201?
163, 257, 7411
What are the prime factors of 497595573?
3, 37, 109, 13709
What are the prime factors of 222142206?
2, 3, 11, 13, 23537
List the prime factors of 219462362.
2, 7, 601, 26083
What are the prime factors of 36266200?
2, 5, 43, 4217
What are the prime factors of 38161547?
179, 213193
What are the prime factors of 1036964905?
5, 1109, 187009
List the prime factors of 43590779.
43590779
What are the prime factors of 14114985?
3, 5, 23, 163, 251
What are the prime factors of 50101899?
3, 929, 17977
List the prime factors of 243303038.
2, 11, 89, 313, 397
List the prime factors of 28357893.
3, 3150877
What are the prime factors of 103042972?
2, 191, 134873
What are the prime factors of 1225073918?
2, 6143, 99713
List the prime factors of 121771612.
2, 17, 1790759
What are the prime factors of 41640124?
2, 269, 38699
List the prime factors of 1086545941.
13, 1399, 59743
List the prime factors of 883301432.
2, 13, 8493283
List the prime factors of 807052161.
3, 499, 539113
What are the prime factors of 484572123?
3, 7, 1098803
What are the prime factors of 540723364?
2, 135180841
What are the prime factors of 26814164?
2, 13, 41, 12577
List the prime factors of 859302583.
43, 19983781
What are the prime factors of 372528785?
5, 53, 1405769
List the prime factors of 1798582669.
13, 10642501
What are the prime factors of 45633960?
2, 3, 5, 126761
List the prime factors of 1066991046.
2, 3, 11, 31, 59, 8839
List the prime factors of 181165790.
2, 5, 13, 379, 3677
List the prime factors of 474108440.
2, 5, 13, 107, 8521
List the prime factors of 1549462860.
2, 3, 5, 11, 43, 18199
List the prime factors of 50007312.
2, 3, 61, 5693
What are the prime factors of 741734224?
2, 7, 11, 602057
What are the prime factors of 4689091?
11, 31, 13751
What are the prime factors of 2004652791?
3, 23, 9684313
What are the prime factors of 1137957420?
2, 3, 5, 47, 457, 883
List the prime factors of 201355425.
3, 5, 347, 2579
List the prime factors of 40853585.
5, 67, 121951
What are the prime factors of 3764201217?
3, 7, 17, 163, 9241
What are the prime factors of 2547640068?
2, 3, 227, 935257
List the prime factors of 680703707.
680703707
List the prime factors of 746558951.
47, 577, 27529
List the prime factors of 592047293.
151, 3920843
List the prime factors of 392592966.
2, 3, 65432161
What are the prime factors of 71238058?
2, 17, 2095237
List the prime factors of 296615793.
3, 151, 654781
What are the prime factors of 907778873?
907778873
List the prime factors of 83598607.
83598607
What are the prime factors of 267782199?
3, 43, 2075831
What are the prime factors of 101485995?
3, 5, 13, 653, 797
What are the prime factors of 1360090838?
2, 31, 1069, 20521
What are the prime factors of 651805893?
3, 2381, 10139
What are the prime factors of 8139585?
3, 5, 23, 23593
What are the prime factors of 361744372?
2, 11, 8221463
List the prime factors of 768857037.
3, 13, 19714283
What are the prime factors of 61534229?
647, 95107
List the prime factors of 823621643.
13, 53, 1195387
What are the prime factors of 558727596?
2, 3, 7, 113, 2803
What are the prime factors of 119458038?
2, 3, 7, 2844239
List the prime factors of 60615403.
131, 462713
List the prime factors of 3840390492.
2, 3, 47, 6809203
What are the prime factors of 41641732?
2, 11, 41, 563
What are the prime factors of 33913290?
2, 3, 5, 19, 59497
List the prime factors of 408512953.
18199, 22447
List the prime factors of 32493960.
2, 3, 5, 3343
What are the prime factors of 301723025?
5, 12068921
List the prime factors of 2030188207.
2030188207
What are the prime factors of 468872781?
3, 13, 12022379
What are the prime factors of 67354296?
2, 3, 67, 41887
List the prime factors of 240500036.
2, 7, 499, 2459
List the prime factors of 132123522.
2, 3, 37, 461, 1291
What are the prime factors of 2461400963?
7, 351628709
List the prime factors of 50176841.
11, 13, 350887
List the prime factors of 161372171.
1621, 99551
What are the prime factors of 44242705?
5, 13, 680657
List the prime factors of 1419061444.
2, 37, 227, 42239
List the prime factors of 143351608.
2, 797, 22483
What are the prime factors of 52827228?
2, 3, 17, 23, 139
List the prime factors of 86284310.
2, 5, 7, 83, 14851
List the prime factors of 7815446220.
2, 3, 5, 193, 331, 2039
List the prime factors of 816400778.
2, 19, 23, 211, 233
What are the prime factors of 142063766?
2, 13, 420307
What are the prime factors of 133466897?
2663, 50119
List the prime factors of 117736330.
2, 5, 83, 141851
List the prime factors of 53785211.
1033, 52067
What are the prime factors of 6157705841?
7, 83, 10598461
List the prime factors of 294635645.
5, 191, 308519
List the prime factors of 3322251729.
3, 47, 7854023
What are the prime factors of 186810664?
2, 23351333
List the prime factors of 32592532.
2, 7, 31, 37549
What are the prime factors of 33731253?
3, 3747917
What are the prime factors of 4011671355?
3, 5, 29, 139, 66347
What are the prime factors of 1283766697?
8221, 156157
What are the prime factors of 46185924?
2, 3, 3848827
List the prime factors of 14312753.
7, 13, 22469
What are the prime factors of 160007874?
2, 3, 13, 2051383
What are the prime factors of 50408352?
2, 3, 41, 1423
What are the prime factors of 692311147?
11, 62937377
What are the prime factors of 666556114?
2, 7, 907, 7499
What are the prime factors of 68195560?
2, 5, 19, 61, 1471
What are the prime factors of 421121240?
2, 5, 10528031
List the prime factors of 775766012.
2, 7, 27705929
What are the prime factors of 23268391?
23268391
What are the prime factors of 672442642?
2, 19, 49019
List the prime factors of 13809636.
2, 3, 127867
What are the prime factors of 28969766?
2, 7, 47, 44027
What are the prime factors of 17563226?
2, 149, 58937
What are the prime factors of 131841447?
3, 367, 119747
List the prime factors of 13805384.
2, 677, 2549
What are the prime factors of 1593129578?
2, 47, 233, 72739
List the prime factors of 288527383.
17, 2473, 6863
What are the prime factors of 1072738536?
2, 3, 29, 1541291
List the prime factors of 112961565.
3, 5, 1049, 2393
List the prime factors of 556016166.
2, 3, 433, 71339
List the prime factors of 229844388.
2, 3, 239, 80141
List the prime factors of 4581670730.
2, 5, 7, 13, 31, 162413
List the prime factors of 65329341.
3, 7, 11, 43, 6577
List the prime factors of 3483233418.
2, 3, 7, 82934129
What are the prime factors of 11593513?
1399, 8287
What are the prime factors of 1328836062?
2, 3, 661, 335057
What are the prime factors of 27122226?
2, 3, 4520371
What are the prime factors of 52514551?
52514551
What are the prime factors of 2969179723?
19, 4349, 35933
What are the prime factors of 26021850?
2, 3, 5, 283, 613
List the prime factors of 2318408739.
3, 809, 318419
List the prime factors of 344176563.
3, 10711
List the prime factors of 68053719.
3, 22684573
What are the prime factors of 446137513?
43, 241, 43051
What are the prime factors of 2106437793?
3, 19, 173, 213613
List the prime factors of 222703931.
12853, 17327
What are the prime factors of 109765626?
2, 3, 18294271
List the prime factors of 428621834.
2, 214310917
What are the prime factors of 465576566?
2, 7, 13, 41, 43, 1451
List the prime factors of 3050375550.
2, 3, 5, 367, 55411
What are the prime factors of 998538233?
7, 11, 12968029
What are the prime factors of 124658372?
2, 3533, 8821
List the prime factors of 36469239.
3, 67, 181439
What are the prime factors of 271361872?
2, 16960117
List the prime factors of 3123549.
3, 11, 13, 809
List the prime factors of 1083340727.
7, 19, 8145419
What are the prime factors of 337683108?
2, 3, 7, 73, 7867
List the prime factors of 313260217.
47, 6665111
What are the prime factors of 16553109?
3, 881, 6263
List the prime factors of 154766670.
2, 3, 5, 1213, 4253
List the prime factors of 25780230.
2, 3, 5, 7, 151, 271
List the prime factors of 47744338.
2, 23872169
List the prime factors of 83617839.
3, 1032319
List the prime factors of 2748839470.
2, 5, 13, 2114491